= -5*x + 4. Let t be u(5). Let y = t + 105. Is 29 a factor of y?
False
Let d = -95 - -138. Does 15 divide d?
False
Suppose -6 = -2*d, -3*v + 21 = -0*v + 5*d. Let i be v/(-2) - (-1 - 0). Suppose 5*a + 5*b - 35 = i, 2*a - 10 = -4*b - 2. Is 5 a factor of a?
True
Let k(f) = f**2 - f + 1. Let v be k(2). Let y(l) = -2*l**2 + 22*l**3 + 4*l**v + 2 - 1. Is y(1) a multiple of 11?
False
Suppose 0 = -v + 2*v - 4. Suppose v*y = 171 - 439. Let q = y + 109. Is 19 a factor of q?
False
Let w(b) = -b**3 - 3*b**2 + b + 4. Is 16 a factor of w(-4)?
True
Let v(y) = 2*y - 7. Let g(k) = 3*k - 1. Let x be g(2). Let l be v(x). Suppose 0 = l*t - 19 - 20. Does 6 divide t?
False
Let b(t) = 37*t**2 - 4*t - 1. Let r be b(3). Suppose -k - r = -6*k. Does 8 divide ((-3)/(-2))/(12/k)?
True
Let n = 164 - 57. Is n a multiple of 24?
False
Suppose 61 = 5*y - 54. Is y a multiple of 5?
False
Let y(o) = o**2 - 11*o - 22. Is 11 a factor of y(-11)?
True
Let d be 1 + (3 - (0 + 0)). Suppose d*h + 18 = 2*v + 6*h, v - 21 = -5*h. Is v even?
True
Let o(s) = s + 4. Let r be o(0). Suppose 2*k + 120 = -3*g + 367, 2*g = r*k + 154. Let n = g - 49. Is n a multiple of 12?
False
Is 30 a factor of (1 - 6/9) + 2152/24?
True
Suppose -3*c - 5*g = -4*c - 41, 0 = c - g + 29. Let v = -33 + 21. Let f = v - c. Does 14 divide f?
True
Let z be (3 + -2)/((-2)/(-66)). Let v = -18 + z. Is v a multiple of 15?
True
Suppose 12 = 2*p + p. Suppose 8 = 2*q - p. Does 6 divide q?
True
Suppose -3*z + 1 = -2*z, 0 = -5*t + 5*z + 320. Is t a multiple of 14?
False
Let t(b) = b**3 - 8*b**2 + 11*b - 8. Does 10 divide t(7)?
True
Let j(f) = -6*f - 7. Is 12 a factor of j(-10)?
False
Suppose -4*f + 5*z + 121 = 0, 3*f - 2*z = 2*f + 34. Is f a multiple of 12?
True
Suppose 3*m = 6*m - 1239. Is m a multiple of 26?
False
Let h = 69 + -31. Is 15 a factor of h?
False
Suppose -6 = -3*d + 21. Does 16 divide ((-42)/d)/(2/(-30))?
False
Is 22 a factor of 12/(-8) + (-65)/(-2)?
False
Let c = 9 - 7. Suppose 3*y + 45 = 3*p - 42, c*p - 58 = -2*y. Is p a multiple of 13?
False
Let s(q) be the third derivative of -q**4/24 - q**3/6 - 2*q**2. Let p = -1 - 4. Is s(p) a multiple of 4?
True
Let t be (-2)/7 - (-1254)/(-21). Let y be (8/(-10))/((-8)/t). Let p(x) = x**2 + 5*x + 3. Is p(y) a multiple of 9?
True
Let i(o) = -o**2 + 15*o + 38. Does 8 divide i(16)?
False
Suppose 5*c + 7 = 77. Is c a multiple of 14?
True
Let l(z) = -8*z**3 + z**2 + 2*z + 3. Suppose -3*c = -4*i - 2, -5*i + 3*c = -0*c + 4. Is 25 a factor of l(i)?
False
Let m(a) = -4*a - 6. Let y(s) = -s + 2. Let i be y(9). Is m(i) a multiple of 12?
False
Let f(k) = -3*k - 8. Let b(j) = -4*j - 9. Let o(v) = -4*b(v) + 6*f(v). Let x be (2 + 0)/1*-5. Does 8 divide o(x)?
True
Let a(w) = 3*w**2 + 2*w + 3 + 0*w**2 - 2*w**2 - 4. Let j be a(-2). Is 6/(j - 34/(-30)) a multiple of 16?
False
Suppose -3*q - 4 + 16 = 0. Suppose -64 = -q*v + 32. Does 12 divide v?
True
Let a = -3 - 0. Let b = -4 - a. Is 12 a factor of b - 3/3 - -14?
True
Let b be ((-10)/15)/(1/(-3)). Suppose b*c - 42 = c. Let k = c - 26. Does 16 divide k?
True
Let t(r) = 0*r + 4*r + 4 - 6*r - 3*r. Does 9 divide t(-6)?
False
Let q = 12 - 7. Suppose 4*n - 5*i + 25 = 0, -4*i + 5 = -q*n - 15. Does 11 divide -1*(-2 - (n + 9))?
True
Suppose y - h = -20, y + h = -33 + 9. Let a = -4 - y. Is 9 a factor of a?
True
Let z(l) = -l**3 - 5*l**2 + 6*l + 1. Let b be z(-6). Is 10 a factor of (-2 - -3)*(b + 32)?
False
Let d = 6 - 3. Suppose d*w - 168 = 2*s, -s = -5*s. Is 19 a factor of w?
False
Suppose -9*c + 7*c + 30 = 0. Suppose 0 = 4*y - c - 1. Does 3 divide y?
False
Let u = -40 - -181. Is 18 a factor of u?
False
Is 30 a factor of ((-159)/2)/(6/(-8))?
False
Let l = 61 - 51. Is 10 a factor of l?
True
Is 4*(2 - (-38)/8) + -3 a multiple of 15?
False
Suppose -c - 10 = -4*h, -c = -2*c - 3*h - 3. Is 13 a factor of c/(-27) - (-928)/36?
True
Let o = 35 - -11. Is o a multiple of 5?
False
Suppose 0 = -l + 3*i + 135, 0 = 3*l - 4*i + 299 - 704. Does 15 divide l?
True
Suppose -6 - 2 = -j - h, 5*j + h - 32 = 0. Let m be j + (-1 - 1 - 0). Is 3 a factor of (m/(-5))/((-4)/30)?
True
Let q(p) = -12*p - 9. Suppose o + 4 = -0. Is q(o) a multiple of 13?
True
Let z be (-6)/9 + 8/3. Let i(c) = c**3 + 6*c**2 + 5*c + 3. Let d be i(-5). Suppose 2*t = -z*a, -13 - d = -3*a + t. Does 4 divide a?
True
Let i(s) = 10*s**2 + 7*s + 10. Is 6 a factor of i(4)?
True
Suppose 5*v + 11 = -14. Let m = v - -11. Does 2 divide m?
True
Suppose 4*p = v - 0*p - 83, v + 4*p - 51 = 0. Does 4 divide v?
False
Let n(a) = -a**3 - 6*a + 0*a + 3 + 2 + 2*a + 6*a**2. Let o be n(5). Let v = 36 - o. Is v a multiple of 15?
False
Suppose 2*c = -0*c + 34. Is 12 a factor of c?
False
Let r be (-8 + 9)/(2/6). Suppose -3*x + g = -0*g - 25, -r*x + 19 = 5*g. Is 3 a factor of x?
False
Suppose -l + 2*q = 3*l + 410, 5*l - q + 520 = 0. Is 20 a factor of (-32)/(-3)*l/(-28)?
True
Suppose -q + 4*o + 132 = 0, 2*q - 273 = 7*o - 2*o. Is 33 a factor of q?
False
Let p(g) = -g**3 + 20*g**2 - 28*g + 15. Is p(18) a multiple of 8?
False
Let n(j) be the second derivative of 1/6*j**3 + 21/2*j**2 + 0 + 2*j. Does 10 divide n(0)?
False
Suppose 4*i - 98 + 26 = 0. Does 3 divide i?
True
Let i(d) = -42*d - 12. Does 19 divide i(-3)?
True
Let n = -4 + 4. Suppose -3*s - v + 16 + 19 = n, -30 = -2*s - 2*v. Is s a multiple of 5?
True
Let m(l) be the second derivative of 5/6*l**3 + 0 + l**2 - 2*l - 1/2*l**4 - 1/20*l**5. Does 14 divide m(-7)?
False
Let y = 147 + -67. Does 20 divide y?
True
Suppose -w = -2*w. Suppose 2*a - 4*q = w, -8 = -a + q - 4. Does 3 divide a?
False
Let z(p) = 9*p + 10. Let n(x) = -3*x - 3. Let t(f) = -21*n(f) - 6*z(f). Is 15 a factor of t(3)?
True
Is 86 + 4*(0 + -2)/4 a multiple of 21?
True
Is 40*(4 - (-35)/(-10)) a multiple of 10?
True
Let h be (-502)/22 + 8/(-44). Let i = h + 71. Suppose -188 = -5*b - i. Does 23 divide b?
False
Let m(k) = -k**3 - 7*k**2 + 3*k + 23. Is 9 a factor of m(-9)?
False
Suppose -2*s - 3*v + 46 = 3*s, 0 = 4*s + 4*v - 32. Let h = 28 - s. Is 9 a factor of h?
False
Suppose -2*w + 36 = -14. Is w a multiple of 25?
True
Suppose 10*c = 9*c + 4. Suppose -104 = -4*d + c*n + 160, d = 5*n + 46. Does 12 divide d?
False
Suppose 36 = w + 5*k, -4*w + 3*k + k + 72 = 0. Let i = w + -31. Is ((-40)/(-25))/((-1)/i) a multiple of 12?
False
Let f(k) = 8*k + 6. Does 5 divide f(3)?
True
Let o = 145 - 108. Is 20 a factor of o?
False
Let k(c) = 5*c - c**3 - 2*c + c - 4 - 2*c**2. Let u be (2/(-3))/((-5)/(-30)). Does 5 divide k(u)?
False
Does 24 divide ((-240)/14)/(-1)*7?
True
Let k be -2 - ((1 - 0) + -3). Let x = k + 2. Let f(t) = 5*t - 3. Is 7 a factor of f(x)?
True
Suppose -6*g + 11*g = 65. Does 4 divide g?
False
Suppose 138*z - 141*z + 780 = 0. Does 20 divide z?
True
Suppose 3*r = 6*r - 15. Let c = r + -3. Suppose 27 = c*s - 9. Is 11 a factor of s?
False
Let j(z) = z**2 - z + 3. Let r be j(5). Suppose 4*i - 393 = r. Suppose c - 5*c = -i. Does 26 divide c?
True
Let k(z) = 4*z**3 - 3*z**2 - 4*z - 1. Let r be k(3). Let o = r - 6. Is o a multiple of 16?
False
Suppose -4*h = -5*c + h + 95, 3*c = 2*h + 56. Let g be (2/6)/(3/c). Suppose -76 = g*f - 6*f. Does 15 divide f?
False
Let t(o) = -37*o - 9. Does 17 divide t(-3)?
True
Let x = -14 + 12. Suppose 5*t + 10 = 2*v - 14, 0 = -5*v - t + 6. Is 3 a factor of x*((-5)/v + -1)?
False
Let y = -15 + 55. Let w = y - 26. Is 7 a factor of w?
True
Suppose -44 = 6*n - 236. Suppose -38 = -4*z - 2*r, -6*z + n = -2*z - 4*r. Is z a multiple of 7?
False
Suppose -2*b = -0*b - 8. Let q be (2/b)/((-2)/24). Let z = q + 19. Is z a multiple of 4?
False
Let r(i) = 1 - i**3 - 2*i**3 + 2*i**3 + i**2 + 5*i - 2*i. Is r(-2) a multiple of 3?
False
Suppose 8*u - 12*u = -180. Is 9 a factor of u?
True
Let j(w) = w - 33. Let c be j(0). Let t = c + 20. Let l = t + 30. Does 13 divide l?
False
Let n(c) = -c + 3. Let u(m) = 2*m - 5. Let f(l) = 10*n(l) + 6*u(l). Is 6 a factor of f(3)?
True
Suppose -36 = 5*x + 24. Let z be x/(-20) - 12/(-5). Suppose z*y - 80 = -y. Is y a multiple of 9?
False
Suppose -3 - 7 = -5*l. Suppose -2*c + 3 = -9. Suppose -l*h = 0, 10 = -r + c*r + 3*h. Does 2 divide r?
True
Let o be 4*1 + 4 + -5. Suppose 2*v - o*v = -10. Is v a multiple of 3?
False
Suppose 4*n + 0*n + 4*h - 364 = 0, 5*h - 365 = -4*n. Suppose -2*s - 3*s = -n. Does 9 divide s?
True
Suppose -39 - 41 = -4*u. Does 20 divide u?
True
Suppose -5*y + 739